384*r + 322494. Determine m(-233).
22
Let j(q) = -q**3 - 2*q**2 - 149*q - 860. Determine j(-6).
178
Let x(h) = -9892*h - 5846162. Give x(-591).
10
Let x(m) = -405*m**2 + 84717*m - 15071. What is x(209)?
-23
Let r(m) = 13*m**2 + 120*m - 974. Determine r(12).
2338
Let b(z) = -4*z**3 - 43*z**2 + 189*z - 120. What is b(3)?
-48
Let d(k) = 2*k**3 + 772*k**2 - 4703*k + 445. What is d(-392)?
53
Let n(g) = 298*g + 8247. Give n(-35).
-2183
Let q(d) = -231*d + 49614. What is q(215)?
-51
Let o(b) = -56*b**2 + 12764*b + 916. Determine o(228).
4
Let w(z) = 398*z + 81728. What is w(-204)?
536
Let u(m) = 1762*m**2 + 902143*m - 522. Give u(-512).
-10
Let n(t) = -7*t**3 + 59*t**2 - 39*t - 265. Determine n(7).
-48
Let v(b) = 7*b**3 - 177*b**2 - 130*b - 76. What is v(26)?
-76
Let b(h) = 4*h**3 - 66*h**2 + 8288*h - 132038. What is b(16)?
58
Let h(q) = 4*q**3 + 643*q**2 + 2969*q + 910. Calculate h(-156).
130
Let x(z) = -6201*z**2 - 24705*z + 395. Calculate x(-4).
-1
Let r(y) = 25*y**2 + 202*y - 16424. Calculate r(-30).
16
Let q(m) = 119*m**3 - 1070*m**2 - 113*m + 1072. Give q(9).
136
Let m(c) = -86*c**3 + 14*c**2 + 1487*c - 1499. Determine m(1).
-84
Let i(w) = w**3 - 37*w**2 + 4804*w - 18679. Give i(4).
9
Let g(v) = 2*v**3 + 231*v**2 - 584*v + 649. What is g(-118)?
-59
Let a(x) = -1041*x + 32243. Calculate a(31).
-28
Let y(i) = -i**3 - 243*i**2 - 926*i + 7199. Determine y(-239).
29
Let i(a) = 103*a**3 - 77*a**2 + 18*a + 19. Calculate i(-1).
-179
Let b(z) = 109*z**3 - 1632*z**2 - 44*z - 27. What is b(15)?
-12
Let v(o) = 21*o**2 + 130890*o + 130888. Determine v(-1).
19
Let c(d) = -72*d**3 - d**2 + 18*d + 44. What is c(-2)?
580
Let f(q) = -q**2 - 117*q + 30239. Give f(125).
-11
Let a(k) = -43*k**2 - 109*k + 886. Determine a(-6).
-8
Let k(h) = 10*h**2 - 1969*h + 11231. Calculate k(191).
-38
Let w(y) = 1769*y + 10537. Determine w(-6).
-77
Let b(t) = -5*t**2 - 2334*t - 265686. Give b(-270).
-6
Let c(i) = -3297*i + 422019. Determine c(128).
3
Let j(f) = 481*f - 548. What is j(1)?
-67
Let p(n) = -n**2 - 16015*n - 1132033. What is p(-71)?
-9
Let n(s) = 2*s**3 - 1071*s**2 + 1533*s + 36987. Calculate n(534).
141
Let h(j) = -2*j**3 - 296*j**2 + 427*j + 19220. Give h(-149).
-1
Let i(c) = 5*c**3 + 67*c**2 + 447*c - 11. What is i(-10)?
-2781
Let g(h) = 37085*h - 73823. What is g(2)?
347
Let n(d) = -d**3 + 207*d**2 - 193*d - 2719. Determine n(206).
-41
Let r(y) = 14*y**2 + 641*y + 5011. Calculate r(-10).
1
Let f(o) = o**3 + 12*o**2 + 6*o + 31. Give f(-11).
86
Let y(j) = -2*j**2 - 210*j + 2935. Determine y(13).
-133
Let a(w) = 2059*w + 179129. What is a(-87)?
-4
Let j(k) = -2844*k - 36977. Calculate j(-13).
-5
Let y(a) = 3454*a + 8497. Determine y(-3).
-1865
Let j(l) = 4*l**3 + 172*l**2 - 11*l - 487. Calculate j(-43).
-14
Let i(f) = -21*f**2 + 3043*f + 286. Determine i(145).
-4
Let g(z) = -z**3 - 35*z**2 + 1658*z - 84. What is g(27)?
-516
Let a(l) = 49130*l + 540387. Calculate a(-11).
-43
Let f(s) = 9064*s + 99719. Give f(-11).
15
Let d(u) = -1759168*u + 59811716. Give d(34).
4
Let p(v) = -130*v**2 + 33*v - 128. Calculate p(4).
-2076
Let g(h) = -2*h**3 + 105*h**2 + 47*h - 29667. Determine g(46).
3
Let p(g) = -121*g + 2641. Calculate p(54).
-3893
Let z(a) = 526*a + 15547. Determine z(-30).
-233
Let c(l) = -5011*l - 325719. What is c(-65)?
-4
Let g(q) = -2*q**3 - 192*q**2 - 219*q - 3023. Determine g(-95).
-268
Let i(u) = -2*u**3 + 1030*u**2 + 19211*u - 12277. Determine i(533).
-18
Let q(d) = -2*d**3 + 23*d**2 + 841*d - 9375. Give q(11).
-3
Let m(g) = g**3 - 395*g**2 + 1929*g + 142. Calculate m(5).
37
Let i(j) = -15*j**3 + 269*j**2 + 85*j - 1152. Give i(18).
54
Let w(b) = -b**3 + 5*b**2 + 16*b - 63. Give w(6).
-3
Let i(c) = c**3 - 2*c**2 + 121860*c - 853269. What is i(7)?
-4
Let t(q) = q**3 + 109*q**2 - 12*q + 260. Determine t(0).
260
Let t(u) = -24*u**3 - 8807*u**2 + 364*u - 774. What is t(-367)?
327
Let v(k) = -2*k**2 - 175*k - 2017. Give v(-72).
215
Let m(f) = 24*f**3 + 332*f**2 + 216*f + 17. Calculate m(-13).
589
Let j(h) = 9*h**3 + 3*h**2 + 1908*h - 1910. Determine j(1).
10
Let l(i) = i**3 - 656*i - 40. What is l(26)?
480
Let n(a) = a**2 + 125*a - 11377. Calculate n(61).
-31
Let z(h) = -48*h**2 + 681*h + 683. What is z(15)?
98
Let q(b) = b**3 + 27*b**2 - 546*b + 1394. What is q(-41)?
246
Let u(i) = -33218*i**2 - 265740*i + 26. Give u(-8).
-6
Let k(x) = 2*x**3 + 65*x**2 + 130*x + 2939. What is k(-29)?
5056
Let c(x) = -4*x**3 - 47*x**2 + 10*x - 720. Calculate c(-13).
-5
Let z(b) = 21*b - 1083. Determine z(-31).
-1734
Let f(p) = p**3 - 44*p**2 + 163*p + 1298. Determine f(39).
50
Let r(x) = -3*x**3 + 8*x**2 + 1436*x - 4299. Give r(3).
0
Let o(y) = 398*y + 76086. What is o(-191)?
68
Let u(v) = 3*v**3 + 978*v**2 + 1968*v + 7774. Determine u(-324).
-2
Let p(w) = 7*w**3 - 67*w**2 - 3*w - 117. Give p(10).
153
Let y(v) = -142*v + 2817. What is y(20)?
-23
Let q(d) = -d**2 - 2148*d + 45562. Calculate q(21).
13
Let v(t) = -2*t**3 - 31*t**2 - 53*t - 299. What is v(-9)?
-875
Let y(x) = -4532*x + 126885. Calculate y(28).
-11
Let b(v) = 4*v**3 - 242*v**2 + 5573*v - 347386. What is b(61)?
9
Let n(u) = -2299*u**2 - 29892*u - 194. What is n(-13)?
-129
Let v(h) = -h**2 + 939*h + 81503. What is v(-80)?
-17
Let l(k) = 9*k**3 - 640*k**2 - 4136*k + 171. Calculate l(-6).
3
Let s(n) = 2695*n + 5717. Give s(-2).
327
Let v(g) = -383*g - 102378. Determine v(-267).
-117
Let h(s) = -2*s**2 + 722*s + 24311. Determine h(392).
7
Let k(v) = -283*v + 10986. What is k(39)?
-51
Let d(u) = u**2 + 16896*u + 135114. Calculate d(-8).
10
Let p(c) = 104*c - 15260. Determine p(143).
-388
Let m(h) = 9968*h - 2222866. Calculate m(223).
-2
Let g(u) = 68*u**2 + 49*u - 182. Determine g(-2).
-8
Let s(l) = 24*l**2 + 65*l + 98. Give s(1).
187
Let z(k) = 11*k**3 - 25*k**2 - 534*k + 115. Give z(-6).
43
Let l(y) = -2*y**3 + 593*y**2 + 178150*y - 927. Give l(-185).
-2
Let k(j) = j**3 - 43*j**2 - 157*j + 9657. What is k(41)?
-142
Let a(f) = 3*f**2 + 293*f + 2614. Calculate a(-86).
-396
Let u(d) = 10967*d - 372852. Determine u(34).
26
Let r(h) = 6307*h + 132467. What is r(-21)?
20
Let y(d) = d**3 - 987*d**2 + 2586*d + 360140. Determine y(984).
-4
Let r(a) = -4*a**3 - 86*a**2 - 253*a + 59. Calculate r(-18).
77
Let y(n) = -28*n**2 + 383*n - 572. What is y(12)?
-8
Let x(m) = 2314408*m - 6943218. Determine x(3).
6
Let f(i) = 19*i - 1287. Determine f(81).
252
Let a(x) = -3*x**2 + 98*x - 620. What is a(7)?
-81
Let b(s) = -4*s**3 - 80*s**2 + 168*s + 1760. Determine b(-21).
-4
Let g(j) = -37081*j + 28552376. Determine g(770).
6
Let t(p) = -110086*p + 131442688. Give t(1194).
4
Let t(o) = 272*o + 5220. Determine t(-19).
52
Let m(j) = 67890*j - 407351. Determine m(6).
-11
Let h(y) = 783857*y - 1567710. What is h(2)?
4
Let o(i) = -6397*i - 2379710. What is o(-372)?
-26
Let j(h) = 46*h**2 + 1256*h + 5023. Determine j(-4).
735
Let h(s) = 2151*s + 15402. Determine h(-7).
345
Let r(l) = -52*l**2 - 2844*l + 13059. Determine r(-59).
-157
Let q(j) = j**3 - 152*j**2 - 1797*j - 1108. Calculate q(163).
-1760
Let u(n) = n**3 + 37*n**2 - 190*n - 6950. Give u(-37).
80
Let b(y) = -3*y**3 - 352*y**2 - 798*y + 884. Give b(-115).
79
Let q(m) = 70*m**2 + 3256*m - 4972. Calculate q(-48).
20
Let u(f) = -3*f**2 + 660*f - 4504. Give u(213).
-31
Let k(d) = -4*d**2 - 78556*d + 392883. What is k(5)?
3
Let y(s) = 3*s**2 - 9*s - 1634. Give y(-27).
796
Let l(c) = c**2 - 262*c - 13910. Give l(307).
-95
Let y(l) = -l**3 - 104*l**2 - 31*l - 3391. Calculate y(-104).
-167
Let q(n) = -283*n - 18014. Give q(-69).
1513
Let w(n) = n**3 + 9*n**2 + 408*n + 3590. Calculate w(-9).
-82
Let f(u) = -133*u**3 + 2*u**2 - 9*u + 2. Give f(2).
-1072
Let o(w) = -198184*w + 11891035. What is o(60)?
-5
Let h(p) = -1132*p + 42368. Calculate h(37).
484
Let s(g) = 5*g**3 + 191*g**2 + 622*g - 3125. Give s(-34).
3
Let x(h) = -1504*h**3 - 7*h**2 + 116*h + 123. Give x(-1).
1504
Let p(g) = 5451*g - 141489. Give p(26).
237
Let u(t) = 131*t**2 - 63*t - 5. Determine u(2).
393
Let v(y) = -y**2 + 198*y + 19307. Determine v(-67).
1552
Let q(p) = -p**3 - 52*p**2 + 41*p + 33. Give q(-52).
-2099
Let k(r) = r**2 - 141*r - 22095. Calculate k(235).
-5
Let g(d) = 2596*d - 506600. Calculate g(195).
-380
Let c(p) = p**2 - 16004*p + 383481. Give c(24).
-39
Let a(i) = -i**3 + 10*i**2 + 9961*i + 1475. Determine a(105).
5